q - 15 = -10*q. Calculate the remainder when (-522)/27*q/(-2) is divided by 15.
14
Let g be 3 - 2 - (-1 - 3). Suppose 0 = g*c - 20 - 35. What is the remainder when (-1 - 0) + 20 + 0 is divided by c?
8
Let o(r) = 9*r**3 - r**2 + r - 1. Let x = 3 + 2. Suppose -x*t + 2 = -23. Calculate the remainder when o(1) is divided by t.
3
Suppose 4*d = 10*d - 168. What is the remainder when 55 is divided by d?
27
Let a = 7 + -2. Suppose -a*w + 120 = -3*r, 2*w - 48 = 4*r + r. What is the remainder when 93 is divided by w?
21
Suppose 5*o - 26 = -1. Calculate the remainder when 17 is divided by o.
2
Suppose -12 + 130 = f. Calculate the remainder when f is divided by 30.
28
Suppose 0*s + 3*s = -o + 29, -3*o + 63 = 3*s. What is the remainder when -4*(2 + 5*-2) is divided by o?
15
Suppose -2*v + 54 = -4*g, -2*v + 30 = g + g. Let t = -10 + v. Suppose -3*o = 7 - 19. What is the remainder when t is divided by o?
1
Let g(v) = v**3 - v**2 - v - 1. Let w be g(2). Let i be w/(-4) + (-45)/12. Let r = i + 16. What is the remainder when 34 is divided by r?
10
Suppose 4*a - 17 = 159. What is the remainder when a is divided by 15?
14
Calculate the remainder when 2 + (-2 + -1 - -48) is divided by 25.
22
Let w(j) = j**3 - 3*j**2 - 4*j + 6. Let q = -6 + 9. Suppose i - q = 13. What is the remainder when i is divided by w(4)?
4
Let j = 10 + 10. Suppose -25 = -3*f + 4*d, 5*d + j + 9 = 3*f. Calculate the remainder when 34 is divided by (f + -30)*(-4)/6.
16
Suppose 3*d = 2*v + 92, 3*d + d - 5*v - 111 = 0. Calculate the remainder when d is divided by 6.
4
Let v(y) = 2*y**2 + 8*y + 3. What is the remainder when v(-6) is divided by 7?
6
Suppose 5*h = -2*j + 168, 3*j = -j - h + 300. What is the remainder when j is divided by 19?
17
What is the remainder when 10*(4 - 15/6) is divided by 6?
3
Suppose 0 = 2*j + 2*j. Suppose j = 5*v - 142 + 32. Calculate the remainder when v is divided by 15/6*(-16)/(-5).
6
Let c(f) = 8*f**2 + 8*f + 16. Let l(h) = -7*h**2 - 8*h - 15. Let p(k) = -6*c(k) - 7*l(k). What is the remainder when p(-9) is divided by 10?
8
Let k be 2/(-1 - 36/(-32)). Calculate the remainder when 71 is divided by k - (-3 + 2/2).
17
Suppose x = 6*x - 80. Suppose 2*r - 32 - x = 0. Calculate the remainder when 71 is divided by r.
23
Let c = -3 + 5. Suppose -4 = g + 4*d, 5*g - 78 = -c*d - 8. Calculate the remainder when g is divided by 6.
4
Let b = 18 + -55. Calculate the remainder when (b/4)/(3/(-12)) is divided by 13.
11
Let d(f) = f**2 + f + 3. Let x be 4/((-20)/(-3))*10. Let b(z) = z**3 - 6*z**2 + 4*z - 8. Calculate the remainder when b(x) is divided by d(-3).
7
Suppose 3*v - h + 44 = -50, -3*h + 18 = -v. Let g = 80 + v. What is the remainder when g is divided by 16?
15
Suppose -3*z + 7 = -2*h - 0, 0 = -4*h - 4*z + 36. Calculate the remainder when 1 + 0 + -3 - -13 is divided by h.
3
Let g(j) = j**2 + 2*j + 3. What is the remainder when g(-4) is divided by 7?
4
Calculate the remainder when 26 is divided by ((-16)/24)/(4/(-42)).
5
Let c(b) = 3 - 5*b + 9*b + 3*b + 3*b**2. What is the remainder when c(-6) is divided by 24?
21
Let i = 43 + 11. Suppose 5*j - i = 126. Calculate the remainder when j is divided by 10.
6
Let i(g) = g**3 - 6*g**2 + 7*g - 3. Suppose -3*z + 5*z - 10 = 0. Calculate the remainder when 25 is divided by i(z).
4
Suppose -2*n = -9 - 33. Let r(w) = w**2 + 5*w - 10. Let f be r(-7). Suppose f*c + 55 = 9*c. Calculate the remainder when n is divided by c.
10
Calculate the remainder when -2*-3*39/9 is divided by 6.
2
Let j(p) be the second derivative of p**3 + 3*p**2/2 - 5*p. What is the remainder when j(8) is divided by 13?
12
Suppose 7 = z - 5*f, 0*f = -2*z + 4*f + 8. Suppose 0 = -z*a - 0*a + 100. What is the remainder when a is divided by 13?
11
Suppose 0 = 3*v - 4*l - 395, -3*v + l + 87 = -320. Let x = v - 67. What is the remainder when x is divided by 24?
22
Suppose 0 = -3*w - 3*h + 27, 5*h - 14 - 27 = -4*w. Suppose -4*s + 8 = -y, -w*s = -2*y - 2*s + 2. Calculate the remainder when 9 is divided by y.
1
Suppose -3*k - 9 = 0, n - 17 = 2*k + 2*k. Let j = -1 + 6. Suppose 2*b = 21 - j. Calculate the remainder when b is divided by n.
3
Let d(h) = -4*h - 2*h**2 + 3*h**2 + 7 - 6. What is the remainder when 36 is divided by d(6)?
10
Let s = -21 + 28. What is the remainder when (6/4)/(3/52) is divided by s?
5
Let c(w) = -2*w**3 - 3*w**2 - 2*w. Let u be c(-2). Suppose -2*z = 4 - u. Calculate the remainder when (1*2)/(6/9) is divided by z.
1
Calculate the remainder when 31 is divided by 158/14 + (-4)/14.
9
Let r = 134 + -75. What is the remainder when r is divided by 15?
14
Suppose 0 = 2*f - 6, -5*w + 0*f - 3*f = -174. What is the remainder when w is divided by 13?
7
Let m = -17 + 30. What is the remainder when 38 is divided by m?
12
Suppose -7*m + 105 + 42 = 0. Calculate the remainder when m is divided by 11.
10
Let x(c) = -c + 13. What is the remainder when (1 + 2 + 24)*1 is divided by x(6)?
6
Let a = 5 - -13. Let p = 68 + -34. What is the remainder when p is divided by a?
16
Suppose i = -0 + 2. Suppose i*m = 5*m - 69. What is the remainder when m is divided by 12?
11
Suppose -251 = -3*f + 145. What is the remainder when f is divided by 27?
24
Let c = -15 - 0. Calculate the remainder when 9/c - (-776)/10 is divided by 20.
17
Let i = 213 - 127. Suppose -3*s = -79 - i. Let k = -33 + 61. What is the remainder when s is divided by k?
27
Suppose -3*h = -2*v - 27, 3*h + v = 22 - 4. Calculate the remainder when 24 is divided by h.
3
Let t(v) = 3*v**3 + 2*v - 1. Let c be t(1). Suppose c*a - 2 = -14. Calculate the remainder when 16 is divided by (-3 + 11)*a/(-4).
4
Let c(y) = y**2 - y - 3. Let g be c(3). Suppose 18 = -5*s + 4*v + 109, -57 = -g*s + 3*v. What is the remainder when 288/5 + 6/s is divided by 20?
18
Let f(s) = -s**3 - 5*s**2 + 2*s + 3. Let z(b) = b - 2. Let g be z(5). Suppose 5*m - 4 = 2*l - 32, g*m = 0. What is the remainder when f(-6) is divided by l?
13
Suppose 2*h - 3 = 1. Let o = -2 + h. Suppose o = s - 13 - 0. What is the remainder when 37 is divided by s?
11
Let k be 3 + -3 + 2/1. Suppose k = n - 4. Let m = -29 - -33. Calculate the remainder when n is divided by m.
2
Let m(v) = v**3 - 3*v**2 - v - 1. Let a(z) = -29*z**3 - z**2 - z - 1. Let p be a(-1). Let t = 60 - p. Calculate the remainder when t is divided by m(4).
10
Let d(b) = b**2 + 5*b + 7. Let r(j) = -j**2 - 3*j - 4. Let x(t) = -3*d(t) - 5*r(t). What is the remainder when 1*(-1)/(2/(-26)) is divided by x(-2)?
6
Suppose 0 = -2*g + r - 18 + 61, -2*g - r + 45 = 0. Calculate the remainder when 42 is divided by g.
20
Suppose 4*w + 0*w = u + 409, u = 3*w - 308. Calculate the remainder when w is divided by 26.
23
Let k(u) = u**2 + 4*u - 12. What is the remainder when 23 is divided by k(-7)?
5
Suppose -c + 14 = -3*v - v, 2*c = 5*v + 31. Suppose 3 - 12 = 3*n, -4*n = -5*h + 37. What is the remainder when c is divided by h?
3
Let c be 3*6/(-9) + 6. Suppose -2*j + 0 + c = 0. Calculate the remainder when 4 is divided by j.
0
Suppose 0 = -4*f + 14 + 14. What is the remainder when 39 is divided by f?
4
Suppose 0 = 2*o + 5*c - 35, -45 = -3*o + c - 6*c. Let l(q) = -2*q - 6. Let z be l(-4). Calculate the remainder when o is divided by ((-9)/(-6) - 0)*z.
1
Let q = 37 + -16. What is the remainder when 187 is divided by q?
19
Suppose -4*n = -b - 10, -3*b - 6 = 2*n - 46. Calculate the remainder when 15 is divided by b.
5
Let i be 116/36 + (-4)/18. Let w = i + -3. Suppose 3*v - 11 - 4 = w. What is the remainder when v is divided by 2?
1
Suppose 3 = 4*f - v, f + 4*v - 2 = 3. Suppose y + f = 9. Calculate the remainder when y is divided by 3.
2
Suppose -5*m + 48 = -2*v, -2*v = 4*m - 4*v - 40. Suppose 43 - m = 5*u. What is the remainder when -2 - (-1 + -1 + -12) is divided by u?
5
Suppose 4*q - 22 = -5*l, q = -5*l + 20 - 7. Calculate the remainder when ((-2)/4)/(4/(-72)) is divided by q.
0
Let d(n) = -n**2 + 3. Let w be d(0). Suppose b - w*b = 0. Suppose b = c - 28 - 3. What is the remainder when c is divided by 11?
9
Suppose -3*c + 3*k + 18 = -3, c + 5*k = 25. Calculate the remainder when 128 is divided by c.
8
Suppose 3*h + 3*g = -0*g + 99, 5*g - 107 = -3*h. Calculate the remainder when h is divided by 6.
5
Let i = 5 + -4. Let b = 13 - i. Calculate the remainder when 46 is divided by b.
10
Suppose 3*w - 17 - 13 = 0. What is the rema